**2 + 9*y + 5. Let r be m(9). Suppose 25 = 5*l + r*u, -2*l - u = 1 - 12. Calculate the remainder when 21 is divided by l.
3
Let p(n) = n + 61. Calculate the remainder when 176 is divided by p(0).
54
Let d(u) = u**2 + 3*u + 17. Let f be d(8). Suppose 2*t + 3*i + 5 = 26, 5*t - f = 3*i. Suppose q + 0 - t = 0. Calculate the remainder when 71 is divided by q.
17
Let q be (-3)/6*(-6 + 2). Suppose q*u + 17 - 135 = 0. Calculate the remainder when u is divided by 15.
14
Let l = -22 - -28. Suppose 3*n - l = 72. Let i = 173 + -97. What is the remainder when i is divided by n?
24
Let s(m) = -m**2 + 12*m - 31. Let y be s(7). Suppose 2*p - 24 = y*o + 14, 4*p + 5*o - 89 = 0. What is the remainder when p is divided by 11?
10
Let t be ((198/8)/(-11))/((-3)/16). Suppose 17*k - t*k - 20 = 0. Calculate the remainder when 14 is divided by k.
2
Let f = -15 - -20. Suppose -f*c + 2 = -4*c. Suppose -16 = -c*m + 48. What is the remainder when 125 is divided by m?
29
Let j be (-7)/(-3) + (1 - (-8)/(-6)). Suppose 0*w + 4*n + 24 = 3*w, 0 = 4*w + j*n - 32. Calculate the remainder when 55 is divided by w.
7
Suppose 30*k = 25*k + 615. Calculate the remainder when k is divided by 59.
5
Let c(u) = 6 + 2*u - 2*u**3 - 2 + u**3 - 9*u**2 - 3. Let q(o) = -o**3 - 12*o**2 - 3*o - 8. What is the remainder when c(-10) is divided by q(-12)?
25
Suppose 3*r - 4*t = -r + 32, 5*t = -5*r. Suppose 3*f = f + r. Suppose 29 = f*s + 1. What is the remainder when 39 is divided by s?
11
Suppose 2*g = -4*f + 31 + 1, -25 = -3*f - g. Calculate the remainder when 23 is divided by f.
5
Suppose 2 = -2*d - 4*r + 52, -100 = -4*d - 5*r. Let s = -6 - -11. Suppose -43 = -2*c - s*y, -4 = c + 3*y - 28. Calculate the remainder when d is divided by c.
7
Let b = 1 + 2. What is the remainder when 26*(b + -3 + 2) is divided by 11?
8
Suppose 0 = 5*f + 1 - 11. Let n(q) = 10*q - 4. Let x be n(f). Let d = x + 7. What is the remainder when 44 is divided by d?
21
Suppose 2*f + 0 - 2 = 0. Suppose 0 = -2*p - p + 9, -5*a + p = -82. Let w = a + f. Calculate the remainder when w is divided by 7.
4
Suppose 4*q - 3*d - 23 = 96, -88 = -3*q + d. Calculate the remainder when 115 is divided by q.
28
Suppose -2*d = -3*v - 77, 2*v = -2*d + 7*d - 165. Calculate the remainder when 60 is divided by d.
29
Let d(p) = -4*p**2 - 3*p + 2. Let l be d(2). Suppose -33*j = -32*j + 114. Let w = l - j. Calculate the remainder when w is divided by 24.
22
Suppose -13 - 429 = -2*r. Let w = r + -90. Calculate the remainder when w is divided by 27.
23
Let w(o) be the third derivative of o**4/12 - 5*o**3/6 - 10*o**2. Calculate the remainder when (-2)/(-10) - 1332/(-15) is divided by w(14).
20
Let h be -4 + 6 + -6 + (-1 - -2). Calculate the remainder when 123 is divided by 1/h + 817/57.
11
Let x(c) = 8*c - 233. What is the remainder when (-4)/(-10) + 53/5 is divided by x(30)?
4
Suppose -5*c + 11 - 6 = 0. Suppose 62 = 2*o + 5*g, -6*o + 178 = -o + g. What is the remainder when o is divided by (((-325)/10)/5)/(c/(-2))?
10
Let t = -13 - -7. What is the remainder when 78 is divided by (-75)/t*(1 + (-3)/15)?
8
Suppose 63 = 5*j - 2. Let l(w) = w**2 - 2*w - 1. Suppose -4 = -5*a + 16. What is the remainder when j is divided by l(a)?
6
Suppose 2*l - 3*p - 315 = 0, 4*l - 2*p - 655 = -p. Calculate the remainder when l is divided by 7.
4
Let b(h) = 23*h + 204. Calculate the remainder when b(0) is divided by 104.
100
Let i = 57 + -7. Suppose -3020 = -44*p + 1204. Calculate the remainder when p is divided by i.
46
Suppose -2*i - 4*u + 52 = 0, 2*i - 16 = -2*u + 40. Suppose -p - 4*c = 3, 0 = -2*p - 4*c - 8 - 2. What is the remainder when i is divided by -32*(p/(-2) - 4)?
14
Let q = -39 - -44. Let k = -10 + 22. Calculate the remainder when k is divided by q.
2
Suppose 7*s - 2*s = -265. What is the remainder when 1*s*(0 - 1) is divided by 18?
17
Let s(c) = -c**3 - 2*c + 9. Let z(a) be the third derivative of -a**4/8 + a**3/6 - a**2. What is the remainder when s(0) is divided by z(-1)?
1
Let t be (-521)/(-2) - (-5)/(-10). Suppose s + 463 = 5*f + 138, -4*f + s + t = 0. Let k(q) = q**2 + 1. Calculate the remainder when f is divided by k(-4).
14
Let t = 126 - -63. Suppose -57 = -3*v + 54. What is the remainder when v is divided by 42/t + 338/18?
18
Suppose 63 = 5*q - 12. Let v = q - 12. Suppose -2*g - v*g + 75 = 0. What is the remainder when g is divided by 8?
7
Let m be ((-14)/7)/(2/17). Let j = -53 - m. Calculate the remainder when j/(-5)*20/6 is divided by 5.
4
Let c = -80 - -122. Calculate the remainder when (-1 - (-1 - 2))/((-102)/(-10557)) is divided by c.
39
Let i be 3/(-2) - 70/(-20). Suppose 6*a + i*a = 488. What is the remainder when a is divided by 21?
19
Let y(c) = -c - 10. Let b be y(-8). Let z(l) = -3*l + 4. Let m be z(2). Calculate the remainder when (68/b)/m - 2 is divided by 8.
7
Let q(k) = k**2 + 5*k + 58. Let o be (-1)/4 - 17/(-4). Suppose 0 = -l + o*l - 60. What is the remainder when q(0) is divided by l?
18
Let y be (-2 + -18)*(-18)/8. Let n = 64 - y. Let u = -3 + 14. What is the remainder when n is divided by u?
8
Let j(h) = h**3 + 7*h**2 + 5*h - 6. What is the remainder when 44/66*963/6 is divided by j(-5)?
12
Let t = -826 - -885. Suppose 5*k + 7*g - 3*g = 313, -4*k + 252 = 4*g. Let b = k - 30. What is the remainder when t is divided by b?
28
Suppose -x = 3, 2 - 23 = -2*p + x. Let h be (-2)/(-4)*(15 + 3). Let n = h - 3. Calculate the remainder when p is divided by n.
3
Let u = -1377 + 1389. Suppose -2*o - 5*l = -74, -o + 31 = 4*l - 0*l. Calculate the remainder when o is divided by u.
11
Let o be ((-5)/3)/(-5)*6. Let b be ((-10)/(-6))/(o/(-18)). What is the remainder when 37 is divided by (48/(-18))/(2/b)?
17
Suppose 4*b + 6 + 6 = 0. Let u(l) = l**3 + 5*l**2 + 3*l + 3. What is the remainder when 23 is divided by u(b)?
11
Suppose -973 + 148 = -15*f. What is the remainder when f is divided by 20?
15
Suppose 8*a + 9760 = 40*a. Calculate the remainder when a is divided by 28.
25
Let g = -2 + 18. Let c = 11 - 50. Let k = 23 - c. What is the remainder when k is divided by g?
14
Let g = -432 - -435. Suppose u = -4*u + 50. What is the remainder when u is divided by g?
1
Let q(g) = 6*g**3 + g. Let y = 95 - 94. Let k(l) = 26*l**3 - 2*l + 1. Calculate the remainder when k(y) is divided by q(1).
4
Let c(i) = i**3 + 10*i**2 + 10*i + 18. Let w be c(-9). Suppose -2*d + w = -d + 3*u, 5*d = 3*u + 45. What is the remainder when 24 is divided by d?
6
Let c = 6 - 22. Let n = 157 + -137. Let u = c + n. What is the remainder when 6 is divided by u?
2
Let x = -9 - -18. Calculate the remainder when x is divided by 1 + 5 - (-3)/((-6)/4).
1
Let i = 239 + -29. Calculate the remainder when i is divided by 18.
12
What is the remainder when 198 is divided by (13/(-91))/((-5)/595)?
11
Let o = -1579 + 1606. Calculate the remainder when 484 is divided by o.
25
Let y = -413 + 499. What is the remainder when 768 is divided by y?
80
Let t = 8 + -4. Let n(f) = -f - 6 + 0*f**2 - t*f + 19*f - f**2. Calculate the remainder when 71 is divided by n(12).
17
Let j = 28 - 85. Let i = 94 + -10. Let g = j + i. Calculate the remainder when g is divided by 10.
7
Suppose -3 = -29*n + 28*n. What is the remainder when 107 is divided by n?
2
Let f(k) = 2*k**2 + 0 - 2*k - 1 + 3. Let v = -14 - -23. What is the remainder when f(-4) is divided by v?
6
Suppose -4*c = -2*c - 28. Let z = -11 - 13. Calculate the remainder when (z/(-48))/((-1)/(-106) - 0) is divided by c.
11
Let x(j) = -4*j**3 + 2*j**2 + j - 11. Suppose -4*c + 10 = -c + 5*h, -2*c - 8 = -4*h. Let g = 15 + c. What is the remainder when x(-2) is divided by g?
12
Calculate the remainder when ((-26)/(-90) - 2/(-18))*15 is divided by 2.
0
Let m = 108 + 208. Suppose -5*p = -4*l + 236, 8*l - p = 3*l + m. Calculate the remainder when l is divided by 13.
12
Suppose 4*a - 1232 = -12*a. What is the remainder when a is divided by 20?
17
Suppose l + l = 2*w - 14, 5*w - 63 = -2*l. What is the remainder when 41 is divided by w?
8
Suppose 15*m - 252 = 243. Let c(s) = -s**2 + 7*s. Let x be c(4). Let h = m - x. Calculate the remainder when h is divided by 8.
5
Let r = 47 - 78. Let j = r - -39. What is the remainder when 38 is divided by j?
6
Suppose 781 + 944 = 23*k. What is the remainder when k is divided by 74?
1
Let p = 43 - -416. Calculate the remainder when p